{"id":656,"date":"2025-08-22T04:12:07","date_gmt":"2025-08-22T04:12:07","guid":{"rendered":"https:\/\/ap-doctorsupport.com\/article\/?page_id=656"},"modified":"2025-08-27T09:10:36","modified_gmt":"2025-08-27T09:10:36","slug":"information-about-our-overseas-business-vi","status":"publish","type":"page","link":"https:\/\/ap-doctorsupport.com\/article\/information-about-our-overseas-business-vi\/","title":{"rendered":"V\u1ec1 Ho\u1ea1t \u0111\u1ed9ng Kinh doanh t\u1ea1i N\u01b0\u1edbc ngo\u00e0i c\u1ee7a Ch\u00fang t\u00f4i"},"content":{"rendered":"<div class=\"wp-block-image\">\n<figure class=\"aligncenter size-full\"><img loading=\"lazy\" decoding=\"async\" width=\"1024\" height=\"576\" src=\"https:\/\/ap-doctorsupport.com\/article\/wp-content\/uploads\/2025\/08\/ct_scanner-1024x576-1.jpg\" alt=\"\" class=\"wp-image-637\" srcset=\"https:\/\/ap-doctorsupport.com\/article\/wp-content\/uploads\/2025\/08\/ct_scanner-1024x576-1.jpg 1024w, https:\/\/ap-doctorsupport.com\/article\/wp-content\/uploads\/2025\/08\/ct_scanner-1024x576-1-300x169.jpg 300w, https:\/\/ap-doctorsupport.com\/article\/wp-content\/uploads\/2025\/08\/ct_scanner-1024x576-1-768x432.jpg 768w, https:\/\/ap-doctorsupport.com\/article\/wp-content\/uploads\/2025\/08\/ct_scanner-1024x576-1-320x180.jpg 320w\" sizes=\"auto, (max-width: 1024px) 100vw, 1024px\" \/><\/figure>\n<\/div>\n\n\n<p>T\u1ea1i Nh\u1eadt B\u1ea3n, ch\u00fang t\u00f4i cung c\u1ea5p c\u00e1c d\u1ecbch v\u1ee5 t\u01b0 v\u1ea5n y t\u1ebf (h\u1ed7 tr\u1ee3 m\u1edf b\u1ec7nh vi\u1ec7n v\u00e0 ph\u00f2ng kh\u00e1m, h\u1ed7 tr\u1ee3 qu\u1ea3n l\u00fd b\u1ec7nh vi\u1ec7n v\u00e0 ph\u00f2ng kh\u00e1m), d\u1ecbch v\u1ee5 nh\u00e2n s\u1ef1 v\u00e0 b\u00e1n thi\u1ebft b\u1ecb y t\u1ebf\/s\u1ea3n ph\u1ea9m y t\u1ebf. Ch\u00fang t\u00f4i c\u0169ng cung c\u1ea5p c\u00e1c d\u1ecbch v\u1ee5 sau t\u1ea1i n\u01b0\u1edbc ngo\u00e0i, vui l\u00f2ng xem b\u00ean d\u01b0\u1edbi.<\/p>\n\n\n\n<ul class=\"wp-block-list\">\n<li>H\u1ed7 tr\u1ee3 m\u1edf v\u00e0 qu\u1ea3n l\u00fd c\u00e1c c\u01a1 s\u1edf y t\u1ebf (b\u1ec7nh vi\u1ec7n v\u00e0 ph\u00f2ng kh\u00e1m) v\u00e0 c\u00e1c c\u01a1 s\u1edf ch\u0103m s\u00f3c \u0111i\u1ec1u d\u01b0\u1ee1ng \u1edf n\u01b0\u1edbc ngo\u00e0i<\/li>\n\n\n\n<li>Ch\u00fang t\u00f4i kh\u00f4ng ch\u1ec9 x\u1eed l\u00fd m\u1ecdi kh\u00e2u chu\u1ea9n b\u1ecb cho vi\u1ec7c m\u1edf c\u00e1c c\u01a1 s\u1edf y t\u1ebf (b\u1ec7nh vi\u1ec7n, ph\u00f2ng kh\u00e1m) v\u00e0 c\u01a1 s\u1edf ch\u0103m s\u00f3c \u0111i\u1ec1u d\u01b0\u1ee1ng m\u00e0 c\u00f2n h\u1ed7 tr\u1ee3 thi\u1ebft k\u1ebf v\u00e0 l\u1eadp k\u1ebf ho\u1ea1ch.<\/li>\n\n\n\n<li>Thu h\u00fat c\u00e1c b\u1ec7nh vi\u1ec7n v\u00e0 ph\u00f2ng kh\u00e1m Nh\u1eadt B\u1ea3n ra n\u01b0\u1edbc ngo\u00e0i: Ch\u00fang t\u00f4i n\u1ed7 l\u1ef1c thu h\u00fat c\u00e1c b\u1ec7nh vi\u1ec7n v\u00e0 ph\u00f2ng kh\u00e1m Nh\u1eadt B\u1ea3n \u0111\u1ebfn c\u00e1c qu\u1ed1c gia \u0111ang t\u00ecm ki\u1ebfm c\u01a1 s\u1edf y t\u1ebf.<\/li>\n\n\n\n<li>Kinh doanh Thi\u1ebft b\u1ecb Y t\u1ebf: Ch\u00fang t\u00f4i b\u00e1n \u0111a d\u1ea1ng c\u00e1c thi\u1ebft b\u1ecb v\u00e0 s\u1ea3n ph\u1ea9m y t\u1ebf \u1edf n\u01b0\u1edbc ngo\u00e0i, bao g\u1ed3m thi\u1ebft b\u1ecb y t\u1ebf c\u1ee1 l\u1edbn m\u1edbi v\u00e0 \u0111\u00e3 qua s\u1eed d\u1ee5ng nh\u01b0 m\u00e1y qu\u00e9t CT v\u00e0 m\u00e1y qu\u00e9t MRI, thi\u1ebft b\u1ecb y t\u1ebf c\u1ee1 trung nh\u01b0 m\u00e1y l\u1ecdc m\u00e1u, thi\u1ebft b\u1ecb ch\u1ea9n \u0111o\u00e1n si\u00eau \u00e2m v\u00e0 h\u1ec7 th\u1ed1ng n\u1ed9i soi, c\u0169ng nh\u01b0 c\u00e1c ph\u01b0\u01a1ng ti\u1ec7n y t\u1ebf nh\u01b0 xe s\u00e0ng l\u1ecdc di \u0111\u1ed9ng v\u00e0 xe c\u1ee9u th\u01b0\u01a1ng.<\/li>\n\n\n\n<li>Mua s\u1eafm v\u00e0 Kinh doanh Qu\u1ed1c t\u1ebf: Ch\u00fang t\u00f4i mua s\u1eafm v\u00e0 b\u00e1n nhi\u1ec1u lo\u1ea1i s\u1ea3n ph\u1ea9m t\u1eeb kh\u1eafp n\u01a1i tr\u00ean th\u1ebf gi\u1edbi.<\/li>\n\n\n\n<li>H\u1ed7 tr\u1ee3 H\u1ec7 th\u1ed1ng Y t\u1ebf t\u1ea1i N\u01b0\u1edbc ngo\u00e0i: Ch\u00fang t\u00f4i cung c\u1ea5p c\u00e1c h\u1ec7 th\u1ed1ng y t\u1ebf nh\u1eb1m n\u00e2ng cao hi\u1ec7u qu\u1ea3 y t\u1ebf v\u00e0 hi\u1ec7u su\u1ea5t c\u1ee7a \u0111\u1ed9i ng\u0169 nh\u00e2n vi\u00ean y t\u1ebf. V\u00ed d\u1ee5: d\u1ecbch v\u1ee5 t\u01b0 v\u1ea5n y t\u1ebf t\u1eeb xa cho c\u00e1c khu v\u1ef1c ch\u01b0a \u0111\u01b0\u1ee3c ph\u1ee5c v\u1ee5 \u0111\u1ea7y \u0111\u1ee7.<\/li>\n\n\n\n<li>Cung c\u1ea5p b\u00e1c s\u0129 v\u00e0 chuy\u00ean gia y t\u1ebf Nh\u1eadt B\u1ea3n: Ch\u00fang t\u00f4i c\u1eed b\u00e1c s\u0129, \u0111i\u1ec1u d\u01b0\u1ee1ng, n\u1eef h\u1ed9 sinh, b\u00e1c s\u0129 ch\u1ea9n \u0111o\u00e1n h\u00ecnh \u1ea3nh, k\u1ef9 s\u01b0 l\u00e2m s\u00e0ng, k\u1ef9 thu\u1eadt vi\u00ean si\u00eau \u00e2m v\u00e0 c\u00e1c chuy\u00ean gia y t\u1ebf kh\u00e1c sang n\u01b0\u1edbc ngo\u00e0i.<\/li>\n\n\n\n<li>Mua b\u00e1n v\u00e0 s\u00e1p nh\u1eadp c\u00e1c c\u01a1 s\u1edf y t\u1ebf n\u01b0\u1edbc ngo\u00e0i<\/li>\n\n\n\n<li>\u0110\u1ea7u t\u01b0 v\u00e0 t\u01b0 v\u1ea5n \u0111\u1ea7u t\u01b0 ra n\u01b0\u1edbc ngo\u00e0i<\/li>\n<\/ul>\n\n\n\n<h2 class=\"wp-block-heading\">Nh\u1ea5p v\u00e0o \u0111\u00e2y \u0111\u1ec3 bi\u1ebft th\u00eam chi ti\u1ebft b\u1eb1ng t\u1eebng ng\u00f4n ng\u1eef<\/h2>\n\n\n\n<div class=\"wp-block-columns is-layout-flex wp-container-core-columns-is-layout-9d6595d7 wp-block-columns-is-layout-flex\">\n<div class=\"wp-block-column is-layout-flow wp-block-column-is-layout-flow\">\n<div class=\"wp-block-columns is-not-stacked-on-mobile is-layout-flex wp-container-core-columns-is-layout-9d6595d7 wp-block-columns-is-layout-flex\">\n<div class=\"wp-block-column is-layout-flow wp-block-column-is-layout-flow\">\n<figure class=\"wp-block-image size-full\"><a href=\"https:\/\/ap-doctorsupport.com\/article\/information-about-our-overseas-business-th\/\"><img loading=\"lazy\" decoding=\"async\" width=\"802\" height=\"627\" src=\"https:\/\/ap-doctorsupport.com\/article\/wp-content\/uploads\/2025\/08\/\u30bf\u30a4\u8a9e.png\" alt=\"\" class=\"wp-image-638\" srcset=\"https:\/\/ap-doctorsupport.com\/article\/wp-content\/uploads\/2025\/08\/\u30bf\u30a4\u8a9e.png 802w, https:\/\/ap-doctorsupport.com\/article\/wp-content\/uploads\/2025\/08\/\u30bf\u30a4\u8a9e-300x235.png 300w, https:\/\/ap-doctorsupport.com\/article\/wp-content\/uploads\/2025\/08\/\u30bf\u30a4\u8a9e-768x600.png 768w\" sizes=\"auto, (max-width: 802px) 100vw, 802px\" \/><\/a><\/figure>\n<\/div>\n\n\n\n<div class=\"wp-block-column is-layout-flow wp-block-column-is-layout-flow\">\n<figure class=\"wp-block-image size-full\"><a href=\"https:\/\/ap-doctorsupport.com\/article\/information-about-our-overseas-business-ms\"><img loading=\"lazy\" decoding=\"async\" width=\"802\" height=\"627\" src=\"https:\/\/ap-doctorsupport.com\/article\/wp-content\/uploads\/2025\/08\/\u30de\u30ec\u30fc\u8a9e.png\" alt=\"\" class=\"wp-image-639\" srcset=\"https:\/\/ap-doctorsupport.com\/article\/wp-content\/uploads\/2025\/08\/\u30de\u30ec\u30fc\u8a9e.png 802w, https:\/\/ap-doctorsupport.com\/article\/wp-content\/uploads\/2025\/08\/\u30de\u30ec\u30fc\u8a9e-300x235.png 300w, https:\/\/ap-doctorsupport.com\/article\/wp-content\/uploads\/2025\/08\/\u30de\u30ec\u30fc\u8a9e-768x600.png 768w\" sizes=\"auto, (max-width: 802px) 100vw, 802px\" \/><\/a><\/figure>\n<\/div>\n<\/div>\n<\/div>\n\n\n\n<div class=\"wp-block-column is-layout-flow wp-block-column-is-layout-flow\">\n<div class=\"wp-block-columns is-not-stacked-on-mobile is-layout-flex wp-container-core-columns-is-layout-9d6595d7 wp-block-columns-is-layout-flex\">\n<div class=\"wp-block-column is-layout-flow wp-block-column-is-layout-flow\">\n<figure class=\"wp-block-image size-full\"><a href=\"https:\/\/ap-doctorsupport.com\/article\/information-about-our-overseas-business-km\"><img loading=\"lazy\" decoding=\"async\" width=\"802\" height=\"625\" src=\"https:\/\/ap-doctorsupport.com\/article\/wp-content\/uploads\/2025\/08\/\u30af\u30e1\u30fc\u30eb\u8a9e.png\" alt=\"\" class=\"wp-image-640\" srcset=\"https:\/\/ap-doctorsupport.com\/article\/wp-content\/uploads\/2025\/08\/\u30af\u30e1\u30fc\u30eb\u8a9e.png 802w, https:\/\/ap-doctorsupport.com\/article\/wp-content\/uploads\/2025\/08\/\u30af\u30e1\u30fc\u30eb\u8a9e-300x234.png 300w, https:\/\/ap-doctorsupport.com\/article\/wp-content\/uploads\/2025\/08\/\u30af\u30e1\u30fc\u30eb\u8a9e-768x599.png 768w\" sizes=\"auto, (max-width: 802px) 100vw, 802px\" \/><\/a><\/figure>\n<\/div>\n\n\n\n<div class=\"wp-block-column is-layout-flow wp-block-column-is-layout-flow\">\n<figure class=\"wp-block-image size-full\"><a href=\"https:\/\/ap-doctorsupport.com\/article\/information-about-our-overseas-business-id\"><img loading=\"lazy\" decoding=\"async\" width=\"802\" height=\"631\" src=\"https:\/\/ap-doctorsupport.com\/article\/wp-content\/uploads\/2025\/08\/\u30a4\u30f3\u30c9\u30cd\u30b7\u30a2\u8a9e.png\" alt=\"\" class=\"wp-image-641\" srcset=\"https:\/\/ap-doctorsupport.com\/article\/wp-content\/uploads\/2025\/08\/\u30a4\u30f3\u30c9\u30cd\u30b7\u30a2\u8a9e.png 802w, https:\/\/ap-doctorsupport.com\/article\/wp-content\/uploads\/2025\/08\/\u30a4\u30f3\u30c9\u30cd\u30b7\u30a2\u8a9e-300x236.png 300w, https:\/\/ap-doctorsupport.com\/article\/wp-content\/uploads\/2025\/08\/\u30a4\u30f3\u30c9\u30cd\u30b7\u30a2\u8a9e-768x604.png 768w\" sizes=\"auto, (max-width: 802px) 100vw, 802px\" \/><\/a><\/figure>\n<\/div>\n<\/div>\n<\/div>\n<\/div>\n\n\n\n<div class=\"wp-block-columns is-layout-flex wp-container-core-columns-is-layout-9d6595d7 wp-block-columns-is-layout-flex\">\n<div class=\"wp-block-column is-layout-flow wp-block-column-is-layout-flow\">\n<div class=\"wp-block-columns is-not-stacked-on-mobile is-layout-flex wp-container-core-columns-is-layout-9d6595d7 wp-block-columns-is-layout-flex\">\n<div class=\"wp-block-column is-layout-flow wp-block-column-is-layout-flow\">\n<figure class=\"wp-block-image size-full\"><a href=\"https:\/\/ap-doctorsupport.com\/article\/information-about-our-overseas-business-vi\"><img loading=\"lazy\" decoding=\"async\" width=\"802\" height=\"625\" src=\"https:\/\/ap-doctorsupport.com\/article\/wp-content\/uploads\/2025\/08\/\u30d9\u30c8\u30ca\u30e0\u8a9e.png\" alt=\"\" class=\"wp-image-642\" srcset=\"https:\/\/ap-doctorsupport.com\/article\/wp-content\/uploads\/2025\/08\/\u30d9\u30c8\u30ca\u30e0\u8a9e.png 802w, https:\/\/ap-doctorsupport.com\/article\/wp-content\/uploads\/2025\/08\/\u30d9\u30c8\u30ca\u30e0\u8a9e-300x234.png 300w, https:\/\/ap-doctorsupport.com\/article\/wp-content\/uploads\/2025\/08\/\u30d9\u30c8\u30ca\u30e0\u8a9e-768x599.png 768w\" sizes=\"auto, (max-width: 802px) 100vw, 802px\" \/><\/a><\/figure>\n<\/div>\n\n\n\n<div class=\"wp-block-column is-layout-flow wp-block-column-is-layout-flow\">\n<figure class=\"wp-block-image size-full\"><a href=\"https:\/\/ap-doctorsupport.com\/article\/information-about-our-overseas-business-hi\"><img loading=\"lazy\" decoding=\"async\" width=\"802\" height=\"627\" src=\"https:\/\/ap-doctorsupport.com\/article\/wp-content\/uploads\/2025\/08\/\u30d2\u30f3\u30c7\u30a3\u30fc\u8a9e.png\" alt=\"\" class=\"wp-image-643\" srcset=\"https:\/\/ap-doctorsupport.com\/article\/wp-content\/uploads\/2025\/08\/\u30d2\u30f3\u30c7\u30a3\u30fc\u8a9e.png 802w, https:\/\/ap-doctorsupport.com\/article\/wp-content\/uploads\/2025\/08\/\u30d2\u30f3\u30c7\u30a3\u30fc\u8a9e-300x235.png 300w, https:\/\/ap-doctorsupport.com\/article\/wp-content\/uploads\/2025\/08\/\u30d2\u30f3\u30c7\u30a3\u30fc\u8a9e-768x600.png 768w\" sizes=\"auto, (max-width: 802px) 100vw, 802px\" \/><\/a><\/figure>\n<\/div>\n<\/div>\n<\/div>\n\n\n\n<div class=\"wp-block-column is-layout-flow wp-block-column-is-layout-flow\">\n<div class=\"wp-block-columns is-not-stacked-on-mobile is-layout-flex wp-container-core-columns-is-layout-9d6595d7 wp-block-columns-is-layout-flex\">\n<div class=\"wp-block-column is-layout-flow wp-block-column-is-layout-flow\">\n<figure class=\"wp-block-image size-full\"><a href=\"https:\/\/ap-doctorsupport.com\/article\/information-about-our-overseas-business-ar\"><img loading=\"lazy\" decoding=\"async\" width=\"802\" height=\"633\" src=\"https:\/\/ap-doctorsupport.com\/article\/wp-content\/uploads\/2025\/08\/\u30a2\u30e9\u30d3\u30a2\u8a9e.png\" alt=\"\" class=\"wp-image-644\" srcset=\"https:\/\/ap-doctorsupport.com\/article\/wp-content\/uploads\/2025\/08\/\u30a2\u30e9\u30d3\u30a2\u8a9e.png 802w, https:\/\/ap-doctorsupport.com\/article\/wp-content\/uploads\/2025\/08\/\u30a2\u30e9\u30d3\u30a2\u8a9e-300x237.png 300w, https:\/\/ap-doctorsupport.com\/article\/wp-content\/uploads\/2025\/08\/\u30a2\u30e9\u30d3\u30a2\u8a9e-768x606.png 768w\" sizes=\"auto, (max-width: 802px) 100vw, 802px\" \/><\/a><\/figure>\n<\/div>\n\n\n\n<div class=\"wp-block-column is-layout-flow wp-block-column-is-layout-flow\">\n<figure class=\"wp-block-image size-full\"><a href=\"https:\/\/ap-doctorsupport.com\/article\/information-about-our-overseas-business-fr\"><img loading=\"lazy\" decoding=\"async\" width=\"802\" height=\"625\" src=\"https:\/\/ap-doctorsupport.com\/article\/wp-content\/uploads\/2025\/08\/\u30d5\u30e9\u30f3\u30b9\u8a9e.png\" alt=\"\" class=\"wp-image-645\" srcset=\"https:\/\/ap-doctorsupport.com\/article\/wp-content\/uploads\/2025\/08\/\u30d5\u30e9\u30f3\u30b9\u8a9e.png 802w, https:\/\/ap-doctorsupport.com\/article\/wp-content\/uploads\/2025\/08\/\u30d5\u30e9\u30f3\u30b9\u8a9e-300x234.png 300w, https:\/\/ap-doctorsupport.com\/article\/wp-content\/uploads\/2025\/08\/\u30d5\u30e9\u30f3\u30b9\u8a9e-768x599.png 768w\" sizes=\"auto, (max-width: 802px) 100vw, 802px\" \/><\/a><\/figure>\n<\/div>\n<\/div>\n<\/div>\n<\/div>\n\n\n\n<div class=\"wp-block-columns is-layout-flex wp-container-core-columns-is-layout-9d6595d7 wp-block-columns-is-layout-flex\">\n<div class=\"wp-block-column is-layout-flow wp-block-column-is-layout-flow\">\n<div class=\"wp-block-columns is-not-stacked-on-mobile is-layout-flex wp-container-core-columns-is-layout-9d6595d7 wp-block-columns-is-layout-flex\">\n<div class=\"wp-block-column is-layout-flow wp-block-column-is-layout-flow\">\n<figure class=\"wp-block-image size-full\"><a href=\"https:\/\/ap-doctorsupport.com\/article\/information-about-our-overseas-business-jp\"><img loading=\"lazy\" decoding=\"async\" width=\"802\" height=\"631\" src=\"https:\/\/ap-doctorsupport.com\/article\/wp-content\/uploads\/2025\/08\/\u65e5\u672c\u8a9e.png\" alt=\"\" class=\"wp-image-646\" srcset=\"https:\/\/ap-doctorsupport.com\/article\/wp-content\/uploads\/2025\/08\/\u65e5\u672c\u8a9e.png 802w, https:\/\/ap-doctorsupport.com\/article\/wp-content\/uploads\/2025\/08\/\u65e5\u672c\u8a9e-300x236.png 300w, https:\/\/ap-doctorsupport.com\/article\/wp-content\/uploads\/2025\/08\/\u65e5\u672c\u8a9e-768x604.png 768w\" sizes=\"auto, (max-width: 802px) 100vw, 802px\" \/><\/a><\/figure>\n<\/div>\n\n\n\n<div class=\"wp-block-column is-layout-flow wp-block-column-is-layout-flow\">\n<figure class=\"wp-block-image size-full\"><a href=\"https:\/\/ap-doctorsupport.com\/article\/information-about-our-overseas-business-en\"><img loading=\"lazy\" decoding=\"async\" width=\"802\" height=\"631\" src=\"https:\/\/ap-doctorsupport.com\/article\/wp-content\/uploads\/2025\/08\/\u82f1\u8a9e.png\" alt=\"\" class=\"wp-image-647\" srcset=\"https:\/\/ap-doctorsupport.com\/article\/wp-content\/uploads\/2025\/08\/\u82f1\u8a9e.png 802w, https:\/\/ap-doctorsupport.com\/article\/wp-content\/uploads\/2025\/08\/\u82f1\u8a9e-300x236.png 300w, https:\/\/ap-doctorsupport.com\/article\/wp-content\/uploads\/2025\/08\/\u82f1\u8a9e-768x604.png 768w\" sizes=\"auto, (max-width: 802px) 100vw, 802px\" \/><\/a><\/figure>\n<\/div>\n<\/div>\n<\/div>\n\n\n\n<div class=\"wp-block-column is-layout-flow wp-block-column-is-layout-flow\">\n<div class=\"wp-block-columns is-not-stacked-on-mobile is-layout-flex wp-container-core-columns-is-layout-9d6595d7 wp-block-columns-is-layout-flex\">\n<div class=\"wp-block-column is-layout-flow wp-block-column-is-layout-flow\"><\/div>\n\n\n\n<div class=\"wp-block-column is-layout-flow wp-block-column-is-layout-flow\"><\/div>\n<\/div>\n<\/div>\n<\/div>\n","protected":false},"excerpt":{"rendered":"<p>T\u1ea1i Nh\u1eadt B\u1ea3n, ch\u00fang t\u00f4i cung c\u1ea5p c\u00e1c d\u1ecbch v\u1ee5 t\u01b0 v\u1ea5n y t\u1ebf (h\u1ed7 tr\u1ee3 m\u1edf b\u1ec7nh vi\u1ec7n v\u00e0 ph\u00f2ng kh\u00e1m, h\u1ed7 tr\u1ee3 qu\u1ea3n l\u00fd b\u1ec7 [&hellip;]<\/p>\n","protected":false},"author":1,"featured_media":637,"parent":0,"menu_order":0,"comment_status":"closed","ping_status":"closed","template":"","meta":{"vkexunit_cta_each_option":"","footnotes":""},"class_list":["post-656","page","type-page","status-publish","has-post-thumbnail","hentry"],"uagb_featured_image_src":{"full":["https:\/\/ap-doctorsupport.com\/article\/wp-content\/uploads\/2025\/08\/ct_scanner-1024x576-1.jpg",1024,576,false],"thumbnail":["https:\/\/ap-doctorsupport.com\/article\/wp-content\/uploads\/2025\/08\/ct_scanner-1024x576-1-150x150.jpg",150,150,true],"medium":["https:\/\/ap-doctorsupport.com\/article\/wp-content\/uploads\/2025\/08\/ct_scanner-1024x576-1-300x169.jpg",300,169,true],"medium_large":["https:\/\/ap-doctorsupport.com\/article\/wp-content\/uploads\/2025\/08\/ct_scanner-1024x576-1-768x432.jpg",768,432,true],"large":["https:\/\/ap-doctorsupport.com\/article\/wp-content\/uploads\/2025\/08\/ct_scanner-1024x576-1.jpg",1024,576,false],"1536x1536":["https:\/\/ap-doctorsupport.com\/article\/wp-content\/uploads\/2025\/08\/ct_scanner-1024x576-1.jpg",1024,576,false],"2048x2048":["https:\/\/ap-doctorsupport.com\/article\/wp-content\/uploads\/2025\/08\/ct_scanner-1024x576-1.jpg",1024,576,false],"post-thumbnail":["https:\/\/ap-doctorsupport.com\/article\/wp-content\/uploads\/2025\/08\/ct_scanner-1024x576-1-320x180.jpg",320,180,true]},"uagb_author_info":{"display_name":"admin","author_link":"https:\/\/ap-doctorsupport.com\/article\/author\/ap-doctorsupport\/"},"uagb_comment_info":0,"uagb_excerpt":"T\u1ea1i Nh\u1eadt B\u1ea3n, ch\u00fang t\u00f4i cung c\u1ea5p c\u00e1c d\u1ecbch v\u1ee5 t\u01b0 v\u1ea5n y t&hellip;","_links":{"self":[{"href":"https:\/\/ap-doctorsupport.com\/article\/wp-json\/wp\/v2\/pages\/656","targetHints":{"allow":["GET"]}}],"collection":[{"href":"https:\/\/ap-doctorsupport.com\/article\/wp-json\/wp\/v2\/pages"}],"about":[{"href":"https:\/\/ap-doctorsupport.com\/article\/wp-json\/wp\/v2\/types\/page"}],"author":[{"embeddable":true,"href":"https:\/\/ap-doctorsupport.com\/article\/wp-json\/wp\/v2\/users\/1"}],"replies":[{"embeddable":true,"href":"https:\/\/ap-doctorsupport.com\/article\/wp-json\/wp\/v2\/comments?post=656"}],"version-history":[{"count":3,"href":"https:\/\/ap-doctorsupport.com\/article\/wp-json\/wp\/v2\/pages\/656\/revisions"}],"predecessor-version":[{"id":817,"href":"https:\/\/ap-doctorsupport.com\/article\/wp-json\/wp\/v2\/pages\/656\/revisions\/817"}],"wp:featuredmedia":[{"embeddable":true,"href":"https:\/\/ap-doctorsupport.com\/article\/wp-json\/wp\/v2\/media\/637"}],"wp:attachment":[{"href":"https:\/\/ap-doctorsupport.com\/article\/wp-json\/wp\/v2\/media?parent=656"}],"curies":[{"name":"wp","href":"https:\/\/api.w.org\/{rel}","templated":true}]}}